s the remainder when 1320 is divided by 429?
33
Calculate the remainder when 192 is divided by 41.
28
Calculate the remainder when 478 is divided by 69.
64
What is the remainder when 1469 is divided by 294?
293
Calculate the remainder when 15 is divided by 5.
0
What is the remainder when 196 is divided by 52?
40
Calculate the remainder when 748 is divided by 30.
28
What is the remainder when 638 is divided by 8?
6
Calculate the remainder when 86 is divided by 40.
6
Calculate the remainder when 517 is divided by 26.
23
Calculate the remainder when 1368 is divided by 337.
20
What is the remainder when 7295 is divided by 12?
11
Calculate the remainder when 435 is divided by 32.
19
What is the remainder when 1146 is divided by 72?
66
What is the remainder when 1477 is divided by 296?
293
Calculate the remainder when 74 is divided by 22.
8
What is the remainder when 168 is divided by 45?
33
Calculate the remainder when 15593 is divided by 22.
17
Calculate the remainder when 267 is divided by 55.
47
What is the remainder when 35 is divided by 9?
8
What is the remainder when 70 is divided by 21?
7
Calculate the remainder when 33 is divided by 11.
0
Calculate the remainder when 342 is divided by 173.
169
Calculate the remainder when 106 is divided by 23.
14
Calculate the remainder when 4703 is divided by 13.
10
What is the remainder when 10258 is divided by 30?
28
What is the remainder when 727 is divided by 241?
4
Calculate the remainder when 271 is divided by 71.
58
What is the remainder when 25 is divided by 4?
1
What is the remainder when 655 is divided by 33?
28
Calculate the remainder when 6 is divided by 6.
0
Calculate the remainder when 1281 is divided by 240.
81
Calculate the remainder when 1221 is divided by 47.
46
What is the remainder when 4962 is divided by 13?
9
Calculate the remainder when 3434 is divided by 286.
2
What is the remainder when 19 is divided by 13?
6
What is the remainder when 133 is divided by 26?
3
Calculate the remainder when 301 is divided by 168.
133
Calculate the remainder when 38 is divided by 7.
3
What is the remainder when 142 is divided by 13?
12
Calculate the remainder when 291 is divided by 81.
48
What is the remainder when 5420 is divided by 67?
60
Calculate the remainder when 285 is divided by 13.
12
What is the remainder when 96 is divided by 34?
28
Calculate the remainder when 399 is divided by 37.
29
What is the remainder when 1049 is divided by 24?
17
Calculate the remainder when 8445 is divided by 31.
13
What is the remainder when 201 is divided by 70?
61
Calculate the remainder when 481 is divided by 98.
89
Calculate the remainder when 2051 is divided by 15.
11
Calculate the remainder when 709 is divided by 72.
61
What is the remainder when 77 is divided by 17?
9
Calculate the remainder when 67 is divided by 20.
7
Calculate the remainder when 68 is divided by 17.
0
Calculate the remainder when 7 is divided by 5.
2
Calculate the remainder when 1219 is divided by 123.
112
What is the remainder when 825 is divided by 104?
97
Calculate the remainder when 190 is divided by 24.
22
Calculate the remainder when 475 is divided by 175.
125
Calculate the remainder when 434 is divided by 210.
14
Calculate the remainder when 146 is divided by 25.
21
What is the remainder when 306 is divided by 132?
42
What is the remainder when 1194 is divided by 239?
238
What is the remainder when 56 is divided by 36?
20
Calculate the remainder when 90 is divided by 55.
35
Calculate the remainder when 267 is divided by 90.
87
What is the remainder when 156 is divided by 2?
0
What is the remainder when 294 is divided by 11?
8
Calculate the remainder when 3199 is divided by 10.
9
Calculate the remainder when 206 is divided by 9.
8
Calculate the remainder when 2711 is divided by 299.
20
Calculate the remainder when 540 is divided by 138.
126
What is the remainder when 151 is divided by 19?
18
What is the remainder when 568 is divided by 90?
28
Calculate the remainder when 295 is divided by 43.
37
What is the remainder when 4036 is divided by 2013?
10
Calculate the remainder when 54 is divided by 11.
10
Calculate the remainder when 9359 is divided by 208.
207
What is the remainder when 1048 is divided by 76?
60
Calculate the remainder when 532 is divided by 170.
22
What is the remainder when 1317 is divided by 195?
147
What is the remainder when 1105 is divided by 401?
303
What is the remainder when 15756 is divided by 103?
100
What is the remainder when 4037 is divided by 45?
32
What is the remainder when 566 is divided by 38?
34
Calculate the remainder when 95 is divided by 47.
1
What is the remainder when 1454 is divided by 52?
50
Calculate the remainder when 77 is divided by 36.
5
What is the remainder when 922 is divided by 65?
12
What is the remainder when 11986 is divided by 148?
146
What is the remainder when 78 is divided by 30?
18
What is the remainder when 91 is divided by 6?
1
Calculate the remainder when 103 is divided by 10.
3
What is the remainder when 2968 is divided by 4?
0
Calculate the remainder when 2451 is divided by 611.
7
Calculate the remainder when 297 is divided by 273.
24
Calculate the remainder when 1949 is divided by 150.
149
What is the remainder when 5062 is divided by 26?
18
What is the remainder when 1704 is divided by 9?
3
What is the remainder when 2721 is divided by 47?
42
What is the remainder when 32198 is divided by 35?
33
Calculate the remainder when 61 is divided by 39.
22
What is the remainder when 756 is divided by 130?
106
What is the remainder when 3359 is divided by 16?
15
Calculate the remainder when 190 is divided by 48.
46
Calculate the remainder when 640 is divided by 6.
4
Calculate the remainder when 586 is divided by 195.
1
Calculate the remainder when 91 is divided by 49.
42
What is the remainder when 3846 is divided by 960?
6
What is the remainder when 4856 is divided by 2426?
4
What is the remainder when 39 is divided by 26?
13
What is the remainder when 2217 is divided by 102?
75
Calculate the remainder when 105 is divided by 51.
3
Calculate the remainder when 556 is divided by 553.
3
Calculate the remainder when 62 is divided by 16.
14
Calculate the remainder when 1223 is divided by 12.
11
What is the remainder when 191 is divided by 96?
95
Calculate the remainder when 247 is divided by 62.
61
Calculate the remainder when 215 is divided by 13.
7
What is the remainder when 3152 is divided by 83?
81
What is the remainder when 2218 is divided by 20?
18
What is the remainder when 1140 is divided by 76?
0
What is the remainder when 149 is divided by 19?
16
What is the remainder when 36 is divided by 8?
4
What is the remainder when 786 is divided by 45?
21
What is the remainder when 191 is divided by 49?
44
What is the remainder when 180 is divided by 47?
39
What is the remainder when 37 is divided by 3?
1
What is the remainder when 1951 is divided by 16?
15
Calculate the remainder when 63 is divided by 7.
0
Calculate the remainder when 811 is divided by 58.
57
Calculate the remainder when 1324 is divided by 440.
4
What is the remainder when 61 is divided by 15?
1
Calculate the remainder when 27 is divided by 16.
11
What is the remainder when 144 is divided by 112?
32
What is the remainder when 2758 is divided by 92?
90
What is the remainder when 465 is divided by 161?
143
Calculate the remainder when 94 is divided by 51.
43
Calculate the remainder when 65 is divided by 9.
2
Calculate the remainder when 2052 is divided by 683.
3
What is the remainder when 442 is divided by 24?
10
Calculate the remainder when 108 is divided by 20.
8
Calculate the remainder when 72 is divided by 27.
18
What is the remainder when 645 is divided by 54?
51
Calculate the remainder when 118 is divided by 42.
34
Calculate the remainder when 154 is divided by 32.
26
What is the remainder when 2717 is divided by 85?
82
Calculate the remainder when 568 is divided by 26.
22
What is the remainder when 200 is divided by 34?
30
Calculate the remainder when 55 is divided by 11.
0
What is the remainder when 132 is divided by 37?
21
What is the remainder when 214 is divided by 7?
4
Calculate the remainder when 8003 is divided by 286.
281
Calculate the remainder when 911 is divided by 154.
141
What is the remainder 